 32 and 512?
32
Calculate the greatest common divisor of 306 and 646.
34
What is the greatest common divisor of 70 and 240?
10
Calculate the highest common divisor of 2369 and 23.
23
What is the highest common factor of 26754 and 21?
21
What is the greatest common factor of 28 and 6916?
28
What is the highest common divisor of 162 and 6?
6
Calculate the highest common factor of 10 and 265.
5
Calculate the highest common divisor of 39 and 14183.
13
What is the greatest common factor of 43 and 16039?
43
What is the greatest common factor of 202 and 2?
2
What is the greatest common factor of 29 and 1189?
29
Calculate the highest common divisor of 1700 and 2244.
68
Calculate the greatest common factor of 897 and 207.
69
What is the highest common divisor of 89 and 1?
1
Calculate the highest common factor of 2187 and 216.
27
What is the highest common factor of 345 and 435?
15
Calculate the greatest common divisor of 1633 and 71.
71
Calculate the greatest common factor of 678 and 186.
6
What is the greatest common factor of 540 and 60?
60
What is the greatest common divisor of 59 and 11918?
59
What is the greatest common divisor of 128 and 112?
16
Calculate the greatest common factor of 316 and 79.
79
What is the greatest common factor of 45 and 36?
9
Calculate the highest common divisor of 190 and 836.
38
What is the greatest common divisor of 7623 and 49?
7
What is the greatest common factor of 2945 and 2565?
95
Calculate the highest common divisor of 6 and 158.
2
What is the greatest common factor of 858 and 384?
6
Calculate the greatest common divisor of 30 and 310.
10
What is the highest common factor of 10 and 1790?
10
Calculate the greatest common divisor of 25 and 7.
1
Calculate the highest common divisor of 325 and 575.
25
What is the highest common divisor of 54 and 288?
18
What is the greatest common divisor of 108 and 324?
108
Calculate the greatest common factor of 60 and 276.
12
What is the greatest common divisor of 367 and 1?
1
Calculate the greatest common divisor of 187 and 3058.
11
What is the greatest common factor of 138 and 989?
23
Calculate the greatest common factor of 34 and 1037.
17
What is the greatest common factor of 712 and 56?
8
Calculate the highest common factor of 51105 and 15.
15
Calculate the highest common factor of 17 and 34.
17
What is the highest common factor of 18 and 13758?
6
Calculate the greatest common divisor of 138 and 2139.
69
Calculate the highest common factor of 576 and 128.
64
What is the greatest common factor of 8780 and 20?
20
What is the greatest common divisor of 2814 and 42?
42
Calculate the greatest common divisor of 798 and 38.
38
What is the highest common factor of 2028 and 96?
12
Calculate the highest common factor of 16511 and 33.
11
Calculate the highest common factor of 18624 and 128.
64
Calculate the greatest common divisor of 750 and 220.
10
What is the greatest common factor of 1264 and 384?
16
What is the greatest common divisor of 1200 and 18240?
240
Calculate the highest common divisor of 164 and 3854.
82
What is the greatest common divisor of 80 and 112?
16
Calculate the highest common divisor of 24 and 8.
8
Calculate the greatest common divisor of 1 and 181.
1
What is the highest common divisor of 1242 and 46?
46
What is the highest common factor of 374 and 77?
11
Calculate the highest common factor of 666 and 36.
18
What is the highest common divisor of 24 and 25712?
8
What is the greatest common divisor of 208 and 16?
16
Calculate the highest common factor of 224 and 7.
7
Calculate the highest common factor of 8987 and 836.
209
Calculate the greatest common factor of 36 and 2034.
18
What is the greatest common factor of 23 and 4853?
23
Calculate the greatest common factor of 2620 and 60.
20
Calculate the greatest common divisor of 3 and 23.
1
Calculate the greatest common factor of 4 and 12.
4
What is the greatest common factor of 1 and 207?
1
Calculate the highest common factor of 92 and 23.
23
What is the greatest common divisor of 210 and 9660?
210
Calculate the greatest common divisor of 23 and 10097.
23
Calculate the highest common factor of 1221 and 231.
33
What is the greatest common factor of 387 and 27?
9
Calculate the greatest common factor of 306 and 68.
34
What is the greatest common factor of 6921 and 9?
9
Calculate the highest common divisor of 221 and 949.
13
Calculate the highest common factor of 518 and 333.
37
What is the highest common factor of 138 and 621?
69
What is the highest common divisor of 705 and 90?
15
What is the greatest common factor of 103 and 44084?
103
What is the greatest common divisor of 13 and 377?
13
Calculate the greatest common divisor of 258 and 688.
86
Calculate the highest common factor of 2856 and 1768.
136
Calculate the greatest common divisor of 3396 and 48.
12
What is the greatest common factor of 125 and 3125?
125
Calculate the greatest common factor of 1060 and 20.
20
What is the greatest common divisor of 102 and 459?
51
Calculate the highest common factor of 17160 and 45.
15
What is the greatest common factor of 7 and 2513?
7
Calculate the highest common factor of 115 and 828.
23
Calculate the highest common factor of 3381 and 322.
161
Calculate the greatest common divisor of 1 and 257.
1
What is the greatest common divisor of 615 and 8405?
205
Calculate the highest common factor of 5 and 3125.
5
Calculate the highest common factor of 13 and 1469.
13
Calculate the greatest common factor of 130 and 3510.
130
What is the greatest common factor of 3745 and 105?
35
Calculate the highest common factor of 1107 and 27.
27
Calculate the greatest common factor of 16 and 16.
16
Calculate the highest common divisor of 14 and 1183.
7
What is the highest common factor of 224 and 42?
14
Calculate the highest common divisor of 4 and 6296.
4
What is the greatest common factor of 18 and 45909?
9
Calculate the greatest common factor of 372 and 49724.
124
What is the greatest common divisor of 235 and 94?
47
What is the greatest common divisor of 6 and 57?
3
What is the greatest common divisor of 1350 and 54?
54
What is the greatest common divisor of 600 and 48?
24
Calculate the greatest common divisor of 5547 and 129.
129
Calculate the greatest common factor of 9790 and 44.
22
Calculate the greatest common factor of 18 and 342.
18
Calculate the highest common divisor of 85082 and 38.
38
What is the greatest common factor of 163 and 1?
1
Calculate the highest common factor of 3611 and 2041.
157
What is the highest common factor of 1584 and 44?
44
Calculate the greatest common divisor of 24 and 3000.
24
What is the highest common factor of 561 and 33?
33
What is the highest common divisor of 25 and 425?
25
Calculate the highest common factor of 113 and 10057.
113
What is the greatest common divisor of 3551 and 53?
53
What is the greatest common divisor of 190 and 114?
38
What is the highest common divisor of 253 and 11?
11
What is the highest common divisor of 10 and 110?
10
Calculate the highest common divisor of 1020 and 7548.
204
Calculate the greatest common divisor of 2086 and 98.
14
Calculate the greatest common factor of 27 and 573.
3
Calculate the highest common factor of 11692 and 148.
148
What is the greatest common divisor of 112 and 728?
56
Calculate the greatest common factor of 10 and 1450.
10
What is the highest common factor of 84 and 63?
21
What is the highest common divisor of 352 and 132?
44
What is the highest common factor of 66 and 231?
33
Calculate the highest common divisor of 296 and 222.
74
What is the highest common factor of 1220 and 793?
61
Calculate the greatest common factor of 11 and 297.
11
Calculate the highest common divisor of 777 and 2775.
111
Calculate the greatest common factor of 24716 and 148.
148
What is the highest common factor of 5488 and 8?
8
Calculate the greatest common factor of 13 and 20137.
13
Calculate the highest common divisor of 135 and 30.
15
What is the greatest common factor of 15 and 145?
5
What is the highest common divisor of 720 and 470?
10
Calculate the highest common factor of 93 and 5611.
31
What is the greatest common factor of 507 and 546?
39
Calculate the highest common factor of 490 and 70.
70
Calculate the highest common divisor of 408 and 238.
34
What is the highes